{"id":676,"date":"2013-02-24T23:27:44","date_gmt":"2013-02-24T21:27:44","guid":{"rendered":"http:\/\/prolog-zeichnung-und-text.de\/blog\/?page_id=676"},"modified":"2021-02-08T21:10:11","modified_gmt":"2021-02-08T21:10:11","slug":"hrsg","status":"publish","type":"page","link":"https:\/\/prolog-zeichnung-und-text.de\/blog\/hrsg\/","title":{"rendered":"Hrsg. A.S. &#038; D.T."},"content":{"rendered":"<p>&#8212;&#8212;&#8212;&#8211;+-+-++-+++-+-+-+-+++-+<\/p>\n<p>Anton Schwarzbach geb. in Berlin (Ost), lebt, arbeitet als freier K\u00fcnstler in Berlin. Gr\u00fcndet 2007 den Prolog &#8211; Heft f\u00fcr Zeichnung und Text. <a href=\"https:\/\/antonschwarzbach.wordpress.com\/\">antonschwarzbach.wordpress.com\/<\/a><\/p>\n<p><img loading=\"lazy\" decoding=\"async\" class=\"aligncenter wp-image-1058\" src=\"https:\/\/prolog-zeichnung-und-text.de\/blog\/wp-content\/uploads\/2013\/02\/instal_fried_as.gif\" alt=\"instal_fried_as\" width=\"650\" height=\"421\" \/><\/p>\n<p>&#8212;&#8212;&#8212;&#8211;+-+-++-+++-+-+-+-+++-+<\/p>\n<p>Dorit Trebeljahr, Bildende K\u00fcnstlerin im Bereich Zeichnung und Objekt. Lebt und arbeitet in Berlin. Mehr \u00fcber ihre Arbeiten unter:<a href=\"https:\/\/dorittrebeljahr.de\"> dorittrebeljahr.de<\/a><\/p>\n<p style=\"text-align: center;\"><img loading=\"lazy\" decoding=\"async\" class=\"aligncenter wp-image-2941 \" src=\"https:\/\/prolog-zeichnung-und-text.de\/blog\/wp-content\/uploads\/its_now_Dorit-Trebeljahr_2020-web-1036x689.jpg\" alt=\"\" width=\"663\" height=\"441\" srcset=\"https:\/\/prolog-zeichnung-und-text.de\/blog\/wp-content\/uploads\/its_now_Dorit-Trebeljahr_2020-web-1036x689.jpg 1036w, https:\/\/prolog-zeichnung-und-text.de\/blog\/wp-content\/uploads\/its_now_Dorit-Trebeljahr_2020-web-300x200.jpg 300w, https:\/\/prolog-zeichnung-und-text.de\/blog\/wp-content\/uploads\/its_now_Dorit-Trebeljahr_2020-web-150x100.jpg 150w, https:\/\/prolog-zeichnung-und-text.de\/blog\/wp-content\/uploads\/its_now_Dorit-Trebeljahr_2020-web-768x511.jpg 768w, https:\/\/prolog-zeichnung-und-text.de\/blog\/wp-content\/uploads\/its_now_Dorit-Trebeljahr_2020-web.jpg 1200w\" sizes=\"auto, (max-width: 663px) 100vw, 663px\" \/><\/p>\n<p style=\"text-align: left;\">&#8212;&#8212;&#8212;&#8211;+-+-++-+++-+-+-+-+++-+<\/p>\n<p style=\"text-align: center;\">\n","protected":false},"excerpt":{"rendered":"<p>&#8212;&#8212;&#8212;&#8211;+-+-++-+++-+-+-+-+++-+ Anton Schwarzbach geb. in Berlin (Ost), lebt, arbeitet als freier K\u00fcnstler in Berlin. Gr\u00fcndet 2007 den Prolog &#8211; Heft f\u00fcr Zeichnung und Text. antonschwarzbach.wordpress.com\/ &#8212;&#8212;&#8212;&#8211;+-+-++-+++-+-+-+-+++-+ Dorit Trebeljahr, Bildende K\u00fcnstlerin im Bereich Zeichnung und Objekt. Lebt und arbeitet in Berlin. Mehr \u00fcber ihre Arbeiten unter: dorittrebeljahr.de &#8212;&#8212;&#8212;&#8211;+-+-++-+++-+-+-+-+++-+<\/p>\n","protected":false},"author":2,"featured_media":0,"parent":0,"menu_order":0,"comment_status":"closed","ping_status":"closed","template":"","meta":{"footnotes":""},"class_list":["post-676","page","type-page","status-publish","hentry","post-seq-1","post-parity-odd","meta-position-corners","fix"],"_links":{"self":[{"href":"https:\/\/prolog-zeichnung-und-text.de\/blog\/wp-json\/wp\/v2\/pages\/676","targetHints":{"allow":["GET"]}}],"collection":[{"href":"https:\/\/prolog-zeichnung-und-text.de\/blog\/wp-json\/wp\/v2\/pages"}],"about":[{"href":"https:\/\/prolog-zeichnung-und-text.de\/blog\/wp-json\/wp\/v2\/types\/page"}],"author":[{"embeddable":true,"href":"https:\/\/prolog-zeichnung-und-text.de\/blog\/wp-json\/wp\/v2\/users\/2"}],"replies":[{"embeddable":true,"href":"https:\/\/prolog-zeichnung-und-text.de\/blog\/wp-json\/wp\/v2\/comments?post=676"}],"version-history":[{"count":10,"href":"https:\/\/prolog-zeichnung-und-text.de\/blog\/wp-json\/wp\/v2\/pages\/676\/revisions"}],"predecessor-version":[{"id":2945,"href":"https:\/\/prolog-zeichnung-und-text.de\/blog\/wp-json\/wp\/v2\/pages\/676\/revisions\/2945"}],"wp:attachment":[{"href":"https:\/\/prolog-zeichnung-und-text.de\/blog\/wp-json\/wp\/v2\/media?parent=676"}],"curies":[{"name":"wp","href":"https:\/\/api.w.org\/{rel}","templated":true}]}}

<p>&#8212;&#8212;&#8212;&#8211;+-+-++-+++-+-+-+-+++-+</p>
<p>Anton Schwarzbach geb. in Berlin (Ost), lebt, arbeitet als freier Künstler in Berlin. Gründet 2007 den Prolog &#8211; Heft für Zeichnung und Text. <a href="https://antonschwarzbach.wordpress.com/">antonschwarzbach.wordpress.com/</a></p>
<p><img loading="lazy" decoding="async" class="aligncenter wp-image-1058" src="https://prolog-zeichnung-und-text.de/blog/wp-content/uploads/2013/02/instal_fried_as.gif" alt="instal_fried_as" width="650" height="421" /></p>
<p>&#8212;&#8212;&#8212;&#8211;+-+-++-+++-+-+-+-+++-+</p>
<p>Dorit Trebeljahr, Bildende Künstlerin im Bereich Zeichnung und Objekt. Lebt und arbeitet in Berlin. Mehr über ihre Arbeiten unter:<a href="https://dorittrebeljahr.de"> dorittrebeljahr.de</a></p>
<p style="text-align: center;"><img loading="lazy" decoding="async" class="aligncenter wp-image-2941 " src="https://prolog-zeichnung-und-text.de/blog/wp-content/uploads/its_now_Dorit-Trebeljahr_2020-web-1036x689.jpg" alt="" width="663" height="441" srcset="https://prolog-zeichnung-und-text.de/blog/wp-content/uploads/its_now_Dorit-Trebeljahr_2020-web-1036x689.jpg 1036w, https://prolog-zeichnung-und-text.de/blog/wp-content/uploads/its_now_Dorit-Trebeljahr_2020-web-300x200.jpg 300w, https://prolog-zeichnung-und-text.de/blog/wp-content/uploads/its_now_Dorit-Trebeljahr_2020-web-150x100.jpg 150w, https://prolog-zeichnung-und-text.de/blog/wp-content/uploads/its_now_Dorit-Trebeljahr_2020-web-768x511.jpg 768w, https://prolog-zeichnung-und-text.de/blog/wp-content/uploads/its_now_Dorit-Trebeljahr_2020-web.jpg 1200w" sizes="auto, (max-width: 663px) 100vw, 663px" /></p>
<p style="text-align: left;">&#8212;&#8212;&#8212;&#8211;+-+-++-+++-+-+-+-+++-+</p>
<p style="text-align: center;">

<p>&#8212;&#8212;&#8212;&#8211;+-+-++-+++-+-+-+-+++-+ Anton Schwarzbach geb. in Berlin (Ost), lebt, arbeitet als freier Künstler in Berlin. Gründet 2007 den Prolog &#8211; Heft für Zeichnung und Text. antonschwarzbach.wordpress.com/ &#8212;&#8212;&#8212;&#8211;+-+-++-+++-+-+-+-+++-+ Dorit Trebeljahr, Bildende Künstlerin im Bereich Zeichnung und Objekt. Lebt und arbeitet in Berlin. Mehr über ihre Arbeiten unter: dorittrebeljahr.de &#8212;&#8212;&#8212;&#8211;+-+-++-+++-+-+-+-+++-+</p>
